{"id":2,"date":"2024-07-04T15:59:40","date_gmt":"2024-07-04T13:59:40","guid":{"rendered":"http:\/\/psychovid.com\/?page_id=2"},"modified":"2024-07-07T09:34:13","modified_gmt":"2024-07-07T07:34:13","slug":"page-d-exemple","status":"publish","type":"page","link":"https:\/\/psychovid.com\/index.php\/page-d-exemple\/","title":{"rendered":"Qui suis-je"},"content":{"rendered":"\n<p>Je suis un humain sans pr\u00e9tention, tout simplement, comme il en existe des milliards sur terre, qu&rsquo;il en a exist\u00e9, et qu&rsquo;il en existera encore jusqu&rsquo;\u00e0 que malheureusement la b\u00eatise humaine mette fin \u00e0 notre esp\u00e8ce.<\/p>\n\n\n\n<blockquote class=\"wp-block-quote is-layout-flow wp-block-quote-is-layout-flow\"><\/blockquote>\n\n\n\n<p>Enfin quand je vois ce monde, par moment je me dit que je ne dois pas venir d&rsquo;ici mais d&rsquo;ailleurs, <br>CITATION<br>car j&rsquo;ai du mal \u00e0 comprendre comment nous pouvons arriver \u00e0 ce point d\u2019autodestruction de souffrance, d\u2019\u00e9gotisme, et d\u2019idiotie.<br><br>Comme beaucoup, plus je vieilli, et plus je pr\u00e9f\u00e8re les animaux, car ils n&rsquo;ont pas nos vices, et quand je les vois s&rsquo;aider entre esp\u00e8re diff\u00e9rente, je me dit qu&rsquo;ils sont bien plus \u00e9volu\u00e9s que nous qui n&rsquo;arrivons pas \u00e0 nous aider au sein de notre propre esp\u00e8ce.<br>Ils montrent plus d&rsquo;humanisme que nous autres \u00eatre humain&#8230; quelle ironie.<br><br>Pour \u00eatre plus pr\u00e9cis disons plut\u00f4t que je suis un humain 2.0 !<br><br>J&rsquo;aime la vie au sens large du terme, le bonheur, la musique, les plaisirs simples, les animaux, la nature, les nouvelles technologies, cr\u00e9er des choses r\u00e9elles et virtuelles, et j&rsquo;ai une soif d&rsquo;apprendre insatiable, mais comme beaucoup d&rsquo;entre nous, pas de temps pour tout faire.<br><br>Mes r\u00eaves sont simples, que l&rsquo;humanit\u00e9 soit de nouveau reconnect\u00e9 avec la nature, que les peoples retrouvent leurs libert\u00e9s, que les guerres s\u2019arr\u00eatent, que les gens puissent manger \u00e0 leur faim et boire \u00e0 leur soif, et que les gu\u00e9rissions les maladies.<br>Je sais ce que vous allez penser, que ce n&rsquo;est qu&rsquo;une utopie.. <br>Et je vous dirais que vous avez tord !<br>Savez vous que le budget militaire mondiale d&rsquo;une ann\u00e9e, suffirait \u00e0 mettre un terme \u00e0 la faim dans le monde \u00e0 vie ?<br>Juste en appliquant cette id\u00e9e, nous ferions d&rsquo;une pierre deux coups, et ferions avancer l&rsquo;humanit\u00e9.<br>Pour ceux qui voudraient utiliser l&rsquo;argument g\u00e9opolitique pour dire que ce n&rsquo;est pas faisable, n&rsquo;oubliez pas que ce n&rsquo;est jamais les peuples qui d\u00e9clenchent les guerres, mais seulement les personnes au pouvoir. <br>Pourtant ce ne sont jamais les personnes au pouvoir qui font la guerre, mais le peuple.<br>La moralit\u00e9, c&rsquo;est qu\u2019aucun people ne veut la guerre, donc nous pourrions sauver des milliers de personne tr\u00e8s facilement si nous le voulions vraiment.<br>Pour les maladies, la sciences et les technologies font de tr\u00e8s grand pas ces derni\u00e8res ann\u00e9es, il faudrait juste que les traitements soient accessible \u00e0 tous.<br>Je sais que ma vision est idyllique et que beaucoup d&rsquo;entre vous diront que ce n&rsquo;est qu&rsquo;un r\u00eave et que la v\u00a0\u00bbvraie\u00a0\u00bb vie ce n&rsquo;est pas \u00e7a.<br>Et je vous dirais que la vie est un combat, et que si tout le monde baisse les bras et ne fait rien, forcement rien ne sera possible<br><br>CITATION<br><br>Je fais encore parti de cette g\u00e9n\u00e9ration qui n&rsquo;est pas assez conditionn\u00e9e pour ob\u00e9ir b\u00eatement, et qui arrive \u00e0 r\u00e9fl\u00e9chir autrement qu&rsquo;en \u00e9tant matraqu\u00e9 par ces flots d&rsquo;informations continus, qui lobotomise la majorit\u00e9 des personnes.<br><br>D&rsquo;ailleurs mon passe temps est de tout analyser pour mieux comprendre les choses, et aussi prendre du recul en essayant de me mettre \u00e0 la place de chacun des \u00ab\u00a0camps\u00a0\u00bb, pour avoir un point de vue diff\u00e9rent du miens.<br><br>J&rsquo;avoue \u00e9chouer \u00e0 cette tache par moment, car j&rsquo;ai aussi mes convictions sur certaines choses, et mon caract\u00e8re fait que je suis assez t\u00eate, ce qui rend la tache plus ardue encore. Mais comme je l&rsquo;ai d\u00e9j\u00e0 dit je ne suis qu&rsquo;un homme, et les hommes ne sont pas infaillible loin de l\u00e0.<br><br>Je trouve tr\u00e8s pr\u00e9occupant que ces derni\u00e8res ann\u00e9es tout soit fait pour de plus en plus diviser les hommes entre eux, au lieu justement de tous les unifier, pour par exemple trouver des solutions aux probl\u00e8mes environnementaux . Je trouve cela tellement triste et contre-productif pour notre avenir.<br>Pour moi l&rsquo;humanit\u00e9 ne devrait \u00eatre que paix, amour, joie, et pour l&rsquo;enlever de la bouche de certains : en gros le monde des Bisounours. <br>Vous pensez que c&rsquo;est utopique ? <br>Peut-\u00eatre, mais si nous nous mettons des barri\u00e8res sur des choses aussi simple, nous n\u2019\u00e9voluerons jamais.<br><br>Pourquoi je cr\u00e9\u00e9 toutes ces vid\u00e9os ?<br>Parce que j&rsquo;ai envie de partager tout ce qu&rsquo;il se passe dans ma folle t\u00eate, car j\u2019ai un tas d&rsquo;id\u00e9e, mais je n&rsquo;ai pas le temps de les r\u00e9aliser.<br>Je me dit qu&rsquo;avec un peu de change, beaucoup de travail et de pers\u00e9v\u00e9rance, j&rsquo;arriverais peut \u00eatre \u00e0 gagner assez d&rsquo;argent pour avoir la chose la plus pr\u00e9cieuse au monde apr\u00e8s la sant\u00e9 : du temps.<br>Et ce temps je le consacrerais \u00e0 monter une soci\u00e9t\u00e9 pr\u00f4nant l&rsquo;\u00e9galit\u00e9 compl\u00e8te entre tous les salari\u00e9s, quelque soient leur sexe, leur niveau d&rsquo;\u00e9tude, leur exp\u00e9rience, leur poste. Ce type de soci\u00e9t\u00e9 existe d\u00e9j\u00e0, en France cela s&rsquo;appelle une SCOP. DEFINITION<br>Je voudrais continuer dans le milieu artistique, mais en m\u00e9langeant avec la technologie, et \u00eatre la 1ere entreprise au monde \u00e0 verser 50 % des b\u00e9n\u00e9fices des ventes \u00e0 des associations caritatives reconnues d&rsquo;utilit\u00e9 publique.<br>Voila mon but.<br><br>Si jamais j&rsquo;arrive \u00e0 atteindre cet objectif, j&rsquo;esp\u00e8re que \u00e7a aidera un maximum de personne, car m\u00eame si je reste pessimiste sur l&rsquo;avenir de l&rsquo;\u00eatre humain, j&rsquo;ai encore envie de croire que nous pouvons sauver notre esp\u00e8ce.<br>La survie de toutes les esp\u00e8ces est inscrite dans leurs codes g\u00e9n\u00e9tiques, je ne vois pas pourquoi il en serait autrement pour nous.<br><br>J&rsquo;esp\u00e8re sinc\u00e8rement r\u00e9ussir cette mission que je me suis donn\u00e9, car m\u00eame si nous ne sommes rien dans cet immense univers, et que nous ne vivons que le temps d&rsquo;un battement de cil \u00e0 l&rsquo;\u00e9chelle du temps, j&rsquo;aurais l&rsquo;impression d&rsquo;avoir accompli mon devoir de gardien de l&rsquo;humanit\u00e9.<br><\/p>\n","protected":false},"excerpt":{"rendered":"<p>Je suis un humain sans pr\u00e9tention, tout simplement, comme il en existe des milliards sur terre, qu&rsquo;il en a exist\u00e9, et qu&rsquo;il en existera encore jusqu&rsquo;\u00e0 que malheureusement la b\u00eatise humaine mette fin \u00e0 notre esp\u00e8ce. Enfin quand je vois ce monde, par moment je me dit que je ne dois pas venir d&rsquo;ici mais [&hellip;]<\/p>\n","protected":false},"author":1,"featured_media":0,"parent":0,"menu_order":0,"comment_status":"closed","ping_status":"open","template":"","meta":{"footnotes":""},"class_list":["post-2","page","type-page","status-publish","hentry"],"yoast_head":"<!-- This site is optimized with the Yoast SEO plugin v23.0 - https:\/\/yoast.com\/wordpress\/plugins\/seo\/ -->\n<title>Qui suis-je - PsychoVID<\/title>\n<meta name=\"robots\" content=\"index, follow, max-snippet:-1, max-image-preview:large, max-video-preview:-1\" \/>\n<link rel=\"canonical\" href=\"https:\/\/psychovid.com\/index.php\/page-d-exemple\/\" \/>\n<meta property=\"og:locale\" content=\"fr_FR\" \/>\n<meta property=\"og:type\" content=\"article\" \/>\n<meta property=\"og:title\" content=\"Qui suis-je - PsychoVID\" \/>\n<meta property=\"og:description\" content=\"Je suis un humain sans pr\u00e9tention, tout simplement, comme il en existe des milliards sur terre, qu&rsquo;il en a exist\u00e9, et qu&rsquo;il en existera encore jusqu&rsquo;\u00e0 que malheureusement la b\u00eatise humaine mette fin \u00e0 notre esp\u00e8ce. Enfin quand je vois ce monde, par moment je me dit que je ne dois pas venir d&rsquo;ici mais [&hellip;]\" \/>\n<meta property=\"og:url\" content=\"https:\/\/psychovid.com\/index.php\/page-d-exemple\/\" \/>\n<meta property=\"og:site_name\" content=\"PsychoVID\" \/>\n<meta property=\"article:modified_time\" content=\"2024-07-07T07:34:13+00:00\" \/>\n<meta name=\"twitter:card\" content=\"summary_large_image\" \/>\n<meta name=\"twitter:label1\" content=\"Dur\u00e9e de lecture estim\u00e9e\" \/>\n\t<meta name=\"twitter:data1\" content=\"5 minutes\" \/>\n<script type=\"application\/ld+json\" class=\"yoast-schema-graph\">{\"@context\":\"https:\/\/schema.org\",\"@graph\":[{\"@type\":\"WebPage\",\"@id\":\"https:\/\/psychovid.com\/index.php\/page-d-exemple\/\",\"url\":\"https:\/\/psychovid.com\/index.php\/page-d-exemple\/\",\"name\":\"Qui suis-je - PsychoVID\",\"isPartOf\":{\"@id\":\"https:\/\/psychovid.com\/#website\"},\"datePublished\":\"2024-07-04T13:59:40+00:00\",\"dateModified\":\"2024-07-07T07:34:13+00:00\",\"breadcrumb\":{\"@id\":\"https:\/\/psychovid.com\/index.php\/page-d-exemple\/#breadcrumb\"},\"inLanguage\":\"fr-FR\",\"potentialAction\":[{\"@type\":\"ReadAction\",\"target\":[\"https:\/\/psychovid.com\/index.php\/page-d-exemple\/\"]}]},{\"@type\":\"BreadcrumbList\",\"@id\":\"https:\/\/psychovid.com\/index.php\/page-d-exemple\/#breadcrumb\",\"itemListElement\":[{\"@type\":\"ListItem\",\"position\":1,\"name\":\"Accueil\",\"item\":\"https:\/\/psychovid.com\/\"},{\"@type\":\"ListItem\",\"position\":2,\"name\":\"Qui suis-je\"}]},{\"@type\":\"WebSite\",\"@id\":\"https:\/\/psychovid.com\/#website\",\"url\":\"https:\/\/psychovid.com\/\",\"name\":\"PsychoVID\",\"description\":\"PsychoVID no Psy COVID\",\"potentialAction\":[{\"@type\":\"SearchAction\",\"target\":{\"@type\":\"EntryPoint\",\"urlTemplate\":\"https:\/\/psychovid.com\/?s={search_term_string}\"},\"query-input\":\"required name=search_term_string\"}],\"inLanguage\":\"fr-FR\"}]}<\/script>\n<!-- \/ Yoast SEO plugin. -->","yoast_head_json":{"title":"Qui suis-je - PsychoVID","robots":{"index":"index","follow":"follow","max-snippet":"max-snippet:-1","max-image-preview":"max-image-preview:large","max-video-preview":"max-video-preview:-1"},"canonical":"https:\/\/psychovid.com\/index.php\/page-d-exemple\/","og_locale":"fr_FR","og_type":"article","og_title":"Qui suis-je - PsychoVID","og_description":"Je suis un humain sans pr\u00e9tention, tout simplement, comme il en existe des milliards sur terre, qu&rsquo;il en a exist\u00e9, et qu&rsquo;il en existera encore jusqu&rsquo;\u00e0 que malheureusement la b\u00eatise humaine mette fin \u00e0 notre esp\u00e8ce. Enfin quand je vois ce monde, par moment je me dit que je ne dois pas venir d&rsquo;ici mais [&hellip;]","og_url":"https:\/\/psychovid.com\/index.php\/page-d-exemple\/","og_site_name":"PsychoVID","article_modified_time":"2024-07-07T07:34:13+00:00","twitter_card":"summary_large_image","twitter_misc":{"Dur\u00e9e de lecture estim\u00e9e":"5 minutes"},"schema":{"@context":"https:\/\/schema.org","@graph":[{"@type":"WebPage","@id":"https:\/\/psychovid.com\/index.php\/page-d-exemple\/","url":"https:\/\/psychovid.com\/index.php\/page-d-exemple\/","name":"Qui suis-je - PsychoVID","isPartOf":{"@id":"https:\/\/psychovid.com\/#website"},"datePublished":"2024-07-04T13:59:40+00:00","dateModified":"2024-07-07T07:34:13+00:00","breadcrumb":{"@id":"https:\/\/psychovid.com\/index.php\/page-d-exemple\/#breadcrumb"},"inLanguage":"fr-FR","potentialAction":[{"@type":"ReadAction","target":["https:\/\/psychovid.com\/index.php\/page-d-exemple\/"]}]},{"@type":"BreadcrumbList","@id":"https:\/\/psychovid.com\/index.php\/page-d-exemple\/#breadcrumb","itemListElement":[{"@type":"ListItem","position":1,"name":"Accueil","item":"https:\/\/psychovid.com\/"},{"@type":"ListItem","position":2,"name":"Qui suis-je"}]},{"@type":"WebSite","@id":"https:\/\/psychovid.com\/#website","url":"https:\/\/psychovid.com\/","name":"PsychoVID","description":"PsychoVID no Psy COVID","potentialAction":[{"@type":"SearchAction","target":{"@type":"EntryPoint","urlTemplate":"https:\/\/psychovid.com\/?s={search_term_string}"},"query-input":"required name=search_term_string"}],"inLanguage":"fr-FR"}]}},"_links":{"self":[{"href":"https:\/\/psychovid.com\/index.php\/wp-json\/wp\/v2\/pages\/2","targetHints":{"allow":["GET"]}}],"collection":[{"href":"https:\/\/psychovid.com\/index.php\/wp-json\/wp\/v2\/pages"}],"about":[{"href":"https:\/\/psychovid.com\/index.php\/wp-json\/wp\/v2\/types\/page"}],"author":[{"embeddable":true,"href":"https:\/\/psychovid.com\/index.php\/wp-json\/wp\/v2\/users\/1"}],"replies":[{"embeddable":true,"href":"https:\/\/psychovid.com\/index.php\/wp-json\/wp\/v2\/comments?post=2"}],"version-history":[{"count":2,"href":"https:\/\/psychovid.com\/index.php\/wp-json\/wp\/v2\/pages\/2\/revisions"}],"predecessor-version":[{"id":16,"href":"https:\/\/psychovid.com\/index.php\/wp-json\/wp\/v2\/pages\/2\/revisions\/16"}],"wp:attachment":[{"href":"https:\/\/psychovid.com\/index.php\/wp-json\/wp\/v2\/media?parent=2"}],"curies":[{"name":"wp","href":"https:\/\/api.w.org\/{rel}","templated":true}]}}